{"id":21,"date":"2023-08-21T14:57:36","date_gmt":"2023-08-21T12:57:36","guid":{"rendered":"https:\/\/netzwerkinklusivebildung.ch\/?page_id=21"},"modified":"2025-12-09T11:51:52","modified_gmt":"2025-12-09T10:51:52","slug":"netzwerk","status":"publish","type":"page","link":"https:\/\/netzwerkinklusivebildung.ch\/?page_id=21","title":{"rendered":"Netzwerk"},"content":{"rendered":"\n<p><strong>Das Netzwerk Inklusive Bildung b\u00fcndelt das Fachwissen ausgew\u00e4hlter Institutionen in der Schweiz und bringt es auf den Punkt.<\/strong> <\/p>\n\n\n\n<p>Das \u00abNetzwerk Inklusive Bildung\u00bb hat zum Ziel, den Dialog und die Vernetzung&nbsp;zu inklusiver Bildung&nbsp;schweizweit zu bef\u00f6rdern und die Zusammenarbeit zwischen Akteurinnen und Akteuren aus Wissenschaft, Hochschule, Schule, Politik und Zivilgesellschaft zu st\u00e4rken. Auf der gemeinsamen Plattform k\u00f6nnen sich Praxis, Politik und Forschung \u00fcber aktuelle Befunde und Entwicklungen der inklusiven Bildung informieren. Die Institutionen pflegen einen regelm\u00e4ssigen Austausch, um ihre Expertise gezielt weiterzuentwickeln. Und sie vermitteln ihr Wissen der breiten \u00d6ffentlichkeit.<\/p>\n\n\n\n<h2 class=\"wp-block-heading\">Partner im Netzwerk<\/h2>\n\n\n\n<ul class=\"wp-block-list\">\n<li><strong>HfH Z\u00fcrich:<\/strong> Die Interkantonale Hochschule f\u00fcr Heilp\u00e4dagogik in Z\u00fcrich setzt sich schon seit hundert Jahren daf\u00fcr ein, dass Menschen mit besonderem F\u00f6rderbedarf die bestm\u00f6gliche Bildung erhalten. Ihr Claim: \u00abBildung f\u00fcr Alle\u00bb.<\/li>\n\n\n\n<li><strong>PHBern:<\/strong> Die PHBern entwickelt seit Jahren erfolgreiche Forschungsprojekte zur schulischen Inklusion. Die Themen reichen vom Wohlbefinden der Kinder \u00fcber die Zusammenarbeit von Teams bis zu den Langzeitfolgen von Separation.<\/li>\n\n\n\n<li><strong>Kinderspital Z\u00fcrich, Abteilung Entwicklungsp\u00e4diatrie:<\/strong> Im Kinderspital Z\u00fcrich wird seit den 1950er Jahren untersucht, wie Kinder sich gesund und gl\u00fccklich entwickeln. Und was die Gr\u00fcnde daf\u00fcr sind, wenn es Probleme gibt.<\/li>\n\n\n\n<li><strong>Stiftung Schweizer Zentrum f\u00fcr Heil- und Sonderp\u00e4dagogik (SZH):<\/strong> Die SZH informiert, ber\u00e4t und vernetzt Bund, Kantone, Institutionen und Interessierte zu den Herausforderungen der Heil- und Sonderp\u00e4dagogik. Zudem entwickelt sie innovative L\u00f6sungsans\u00e4tze und Produkte im Bereich der inklusiven Bildung.<\/li>\n\n\n\n<li><strong>PH Z\u00fcrich:<\/strong> F\u00fcr die P\u00e4dagogische Hochschule Z\u00fcrich ist Inklusive Bildung eine wichtige Antwort auf gesellschaftliche Diversit\u00e4t. Ein wichtiges Ziel: Die langfristige Inklusion mit verschiedenen Angeboten in Lehre und Forschung zu unterst\u00fctzen.<\/li>\n\n\n\n<li><strong>PH Luzern:<\/strong> Die PH Luzern bietet Lehrpersonen und Schulteams Beratung und Unterst\u00fctzung in Fragen der schulischen Integration und Inklusion von Kindern mit unterschiedlichen Voraussetzungen und Hintergr\u00fcnden.<\/li>\n\n\n\n<li><strong>FHNW (PH):<\/strong> Die Fachhochschule Nordwestscheiz (FHNW) besch\u00e4ftigt sich intensiv mit der Gestaltung inklusiven Unterrichts und inklusiver Schulentwicklung.<\/li>\n\n\n\n<li><strong>PH Schwyz: <\/strong>Die PH Schwyz befasst sich in Lehre und Forschung mit den t\u00e4glichen Herausforderungen des integrativen Unterrichts.<\/li>\n\n\n\n<li><strong>PH St. Gallen:<\/strong> F\u00fcr die PH St. Gallen ist Inklusiver Unterricht im Kern ein Unterricht, der die Vielfalt der Lernenden ber\u00fccksichtigt.<\/li>\n\n\n\n<li><strong>Dachverband Lehrerinnen und Lehrer Schweiz (LCH):<\/strong> Wie gelingt es, eine tragf\u00e4hige Schule f\u00fcr Alle zu entwickeln? Und welches Know-how brauchen die Lehrpersonen daf\u00fcr?  Das sind zentrale Fragen des LCH rund um die schulische Inklusion.<\/li>\n<\/ul>\n\n\n\n<p><\/p>\n","protected":false},"excerpt":{"rendered":"<p>Das Netzwerk Inklusive Bildung b\u00fcndelt das Fachwissen ausgew\u00e4hlter Institutionen in der Schweiz und bringt es auf den Punkt. Das \u00abNetzwerk Inklusive Bildung\u00bb hat zum Ziel, den Dialog und die Vernetzung&nbsp;zu inklusiver Bildung&nbsp;schweizweit zu bef\u00f6rdern und die Zusammenarbeit zwischen Akteurinnen und Akteuren aus Wissenschaft, Hochschule, Schule, Politik und Zivilgesellschaft zu st\u00e4rken. Auf der gemeinsamen Plattform k\u00f6nnen [&hellip;]<\/p>\n","protected":false},"author":1,"featured_media":297,"parent":0,"menu_order":0,"comment_status":"closed","ping_status":"closed","template":"","meta":{"footnotes":""},"class_list":["post-21","page","type-page","status-publish","has-post-thumbnail","hentry"],"_links":{"self":[{"href":"https:\/\/netzwerkinklusivebildung.ch\/index.php?rest_route=\/wp\/v2\/pages\/21","targetHints":{"allow":["GET"]}}],"collection":[{"href":"https:\/\/netzwerkinklusivebildung.ch\/index.php?rest_route=\/wp\/v2\/pages"}],"about":[{"href":"https:\/\/netzwerkinklusivebildung.ch\/index.php?rest_route=\/wp\/v2\/types\/page"}],"author":[{"embeddable":true,"href":"https:\/\/netzwerkinklusivebildung.ch\/index.php?rest_route=\/wp\/v2\/users\/1"}],"replies":[{"embeddable":true,"href":"https:\/\/netzwerkinklusivebildung.ch\/index.php?rest_route=%2Fwp%2Fv2%2Fcomments&post=21"}],"version-history":[{"count":38,"href":"https:\/\/netzwerkinklusivebildung.ch\/index.php?rest_route=\/wp\/v2\/pages\/21\/revisions"}],"predecessor-version":[{"id":370,"href":"https:\/\/netzwerkinklusivebildung.ch\/index.php?rest_route=\/wp\/v2\/pages\/21\/revisions\/370"}],"wp:featuredmedia":[{"embeddable":true,"href":"https:\/\/netzwerkinklusivebildung.ch\/index.php?rest_route=\/wp\/v2\/media\/297"}],"wp:attachment":[{"href":"https:\/\/netzwerkinklusivebildung.ch\/index.php?rest_route=%2Fwp%2Fv2%2Fmedia&parent=21"}],"curies":[{"name":"wp","href":"https:\/\/api.w.org\/{rel}","templated":true}]}}