{"id":11,"date":"2023-08-21T14:32:09","date_gmt":"2023-08-21T12:32:09","guid":{"rendered":"https:\/\/netzwerkinklusivebildung.ch\/?page_id=11"},"modified":"2025-12-09T12:19:22","modified_gmt":"2025-12-09T11:19:22","slug":"aktuell","status":"publish","type":"page","link":"https:\/\/netzwerkinklusivebildung.ch\/","title":{"rendered":"Aktuell"},"content":{"rendered":"\n<p><\/p>\n\n\n\n<p><strong>Verschiedene Schweizer Institutionen arbeiten t\u00e4glich daran, Erkenntnisse zur schulischen Inklusion zu gewinnen. Was sind ihre neuesten Befunde?<\/strong><\/p>\n\n\n\n<p>In der neuen Reihe \u00abStimmt \u2013 stimmt nicht\u00bb werden Erkenntnisse zur schulischen Inklusion auf den Pr\u00fcfstand gestellt. Was sagen Expertinnen und Experten zu acht Behauptungen, die immer wieder zu h\u00f6ren sind? Aktuelle Folge: Romain Lanners, Direktor des Schweizer Zentrums f\u00fcr Heil- und Sonderp\u00e4dagogik (SZH) in Bern.<\/p>\n\n\n\n<div data-hfh-theme-block class=\"hfh-content-exclude\">\n    <hfh-teaser\n        :link='\"https:\\\/\\\/netzwerkinklusivebildung.ch\\\/?p=371\"'\n        :image-src='\"https:\\\/\\\/netzwerkinklusivebildung.ch\\\/wp-content\\\/uploads\\\/2025\\\/12\\\/Thumbnail_Lanners_03-scaled.jpg\"'\n        :image-alt='\"\"'\n        :pretitle='\"09.12.2025\"'\n        :title='\"\\u00abSonder- und Regelschulen m\\u00fcssen zusammenr\\u00fccken\\u00bb\"'>\n        Romain Lanners (SZH) nimmt im Gespr\u00e4ch mit Steff Aellig (HfH Z\u00fcrich) Stellung zu popul\u00e4ren Thesen rund um die Inklusion. Motto: \u00abStimmt \u2013 oder stimmt nicht?\u00bb    <\/hfh-teaser>\n<\/div>","protected":false},"excerpt":{"rendered":"<p>Verschiedene Schweizer Institutionen arbeiten t\u00e4glich daran, Erkenntnisse zur schulischen Inklusion zu gewinnen. Was sind ihre neuesten Befunde? In der neuen Reihe \u00abStimmt \u2013 stimmt nicht\u00bb werden Erkenntnisse zur schulischen Inklusion auf den Pr\u00fcfstand gestellt. Was sagen Expertinnen und Experten zu acht Behauptungen, die immer wieder zu h\u00f6ren sind? Aktuelle Folge: Romain Lanners, Direktor des Schweizer [&hellip;]<\/p>\n","protected":false},"author":1,"featured_media":310,"parent":0,"menu_order":0,"comment_status":"closed","ping_status":"closed","template":"","meta":{"footnotes":""},"class_list":["post-11","page","type-page","status-publish","has-post-thumbnail","hentry"],"_links":{"self":[{"href":"https:\/\/netzwerkinklusivebildung.ch\/index.php?rest_route=\/wp\/v2\/pages\/11","targetHints":{"allow":["GET"]}}],"collection":[{"href":"https:\/\/netzwerkinklusivebildung.ch\/index.php?rest_route=\/wp\/v2\/pages"}],"about":[{"href":"https:\/\/netzwerkinklusivebildung.ch\/index.php?rest_route=\/wp\/v2\/types\/page"}],"author":[{"embeddable":true,"href":"https:\/\/netzwerkinklusivebildung.ch\/index.php?rest_route=\/wp\/v2\/users\/1"}],"replies":[{"embeddable":true,"href":"https:\/\/netzwerkinklusivebildung.ch\/index.php?rest_route=%2Fwp%2Fv2%2Fcomments&post=11"}],"version-history":[{"count":46,"href":"https:\/\/netzwerkinklusivebildung.ch\/index.php?rest_route=\/wp\/v2\/pages\/11\/revisions"}],"predecessor-version":[{"id":381,"href":"https:\/\/netzwerkinklusivebildung.ch\/index.php?rest_route=\/wp\/v2\/pages\/11\/revisions\/381"}],"wp:featuredmedia":[{"embeddable":true,"href":"https:\/\/netzwerkinklusivebildung.ch\/index.php?rest_route=\/wp\/v2\/media\/310"}],"wp:attachment":[{"href":"https:\/\/netzwerkinklusivebildung.ch\/index.php?rest_route=%2Fwp%2Fv2%2Fmedia&parent=11"}],"curies":[{"name":"wp","href":"https:\/\/api.w.org\/{rel}","templated":true}]}}

<p></p>



<p><strong>Verschiedene Schweizer Institutionen arbeiten täglich daran, Erkenntnisse zur schulischen Inklusion zu gewinnen. Was sind ihre neuesten Befunde?</strong></p>



<p>In der neuen Reihe «Stimmt – stimmt nicht» werden Erkenntnisse zur schulischen Inklusion auf den Prüfstand gestellt. Was sagen Expertinnen und Experten zu acht Behauptungen, die immer wieder zu hören sind? Aktuelle Folge: Romain Lanners, Direktor des Schweizer Zentrums für Heil- und Sonderpädagogik (SZH) in Bern.</p>



<div data-hfh-theme-block class="hfh-content-exclude">
    <hfh-teaser
        :link='"https:\/\/netzwerkinklusivebildung.ch\/?p=371"'
        :image-src='"https:\/\/netzwerkinklusivebildung.ch\/wp-content\/uploads\/2025\/12\/Thumbnail_Lanners_03-scaled.jpg"'
        :image-alt='""'
        :pretitle='"09.12.2025"'
        :title='"\u00abSonder- und Regelschulen m\u00fcssen zusammenr\u00fccken\u00bb"'>
        Romain Lanners (SZH) nimmt im Gespräch mit Steff Aellig (HfH Zürich) Stellung zu populären Thesen rund um die Inklusion. Motto: «Stimmt – oder stimmt nicht?»    </hfh-teaser>
</div>

<p>Verschiedene Schweizer Institutionen arbeiten täglich daran, Erkenntnisse zur schulischen Inklusion zu gewinnen. Was sind ihre neuesten Befunde? In der neuen Reihe «Stimmt – stimmt nicht» werden Erkenntnisse zur schulischen Inklusion auf den Prüfstand gestellt. Was sagen Expertinnen und Experten zu acht Behauptungen, die immer wieder zu hören sind? Aktuelle Folge: Romain Lanners, Direktor des Schweizer [&hellip;]</p>
